7
4
What is -1 + -12 + 8 + 7?
2
What is 1 - ((-2 - -2 - 1) + 0)?
2
(-27 - -28) + -1 + -1 + 1
0
Evaluate -4 + 4 + 6 - 1.
5
What is the value of (3 - 2) + 1 - (0 - 2)?
4
What is the value of -3 + (-7 - 0) + (12 - 9)?
-7
Calculate -8 - ((8 - 11) + (-4 - -7)).
-8
Evaluate -4 + -5 + 7 + 0.
-2
What is the value of -6 + (-4 - (-10 + -3 - 1))?
4
What is the value of -558 + 552 + (1 - (1 + -10))?
4
What is 4 - (1 + -4 + 10) - -6?
3
Evaluate 0 - (40 - 23 - (0 - -7)).
-10
What is the value of 5 + 4 + -18 - -2?
-7
-7 - ((-5 - 3) + 2 - -1)
-2
What is 11 - 10 - (1 - 1)?
1
(1 - 7) + 2 - -2 - -11
9
-5 + (-1 + 3 - 1 - 0)
-4
Evaluate -6 + (25 - (-12 + 22)).
9
Evaluate 5 + -1 + 0 - 7.
-3
4 + 3 + (1 - 7)
1
Evaluate (-10 - -2) + -1 - 0.
-9
What is 0 - (4 + -3 - -3)?
-4
What is -11 + (11 - 7) + 14?
7
Calculate 5 + -5 + (-3 - 0).
-3
Calculate (-4 - -2) + 3 - (-1 + -3).
5
Evaluate 10 - (-8 + 7 + 9) - 3.
-1
Calculate -3 + 1 - (2 + 0 + 1).
-5
What is 5 + (-9 - -17) - 8?
5
(-5 - -9) + 0 + -6
-2
What is -2 + (-6 - -17 - 9)?
0
Evaluate -4 + (1 - -4) + -1 + 8.
8
What is the value of 2 + (-2 - 1) - -1?
0
What is the value of -4 - (-4 + 3 - 5)?
2
8 + -3 - (-5 + 15 + -1)
-4
-3 + -8 + 10 + -2
-3
Evaluate -3 + 0 - (-66 - -60).
3
What is 1 + 2 - (-3 + -2 + 11)?
-3
What is the value of (3 + -4 - (-2 - -1)) + 0?
0
(14 - (-10 - -30)) + 1 + -1
-6
What is 0 - (-5 - (-8 + 7))?
4
What is 1 - 2 - 3 - (2 - 3)?
-3
-19 + 18 + -2 + 3 - 4
-4
((6 - -5) + -4 - -6) + -5
8
Evaluate 1 - ((5 - 3) + -3 + -1).
3
Calculate (0 - (8 + -16)) + -12.
-4
What is the value of -1 - (2 - (12 + -17))?
-8
What is the value of 2 + 1 - 5 - (2 - 1)?
-3
-8 + (7 - 2) - 2 - -11
6
What is 3 - -3 - 5 - (1 + -5)?
5
Evaluate (-1 + -3 - -1) + (10 - 2).
5
What is the value of 3 + 1 + -4 + -3 - -8?
5
Evaluate (10 - 13) + 1 + (6 - 2).
2
What is (-1 - 0) + (-48 - -44)?
-5
Evaluate 8 + (6 - 7) - 5.
2
Evaluate 0 + -1 + -1 - (18 - 19).
-1
What is the value of -3 + (-6 - -8) - -2?
1
What is the value of -1 + -3 + (-10 - (-5 - 7))?
-2
Calculate 3 - (0 + -2) - 2 - 5.
-2
What is (10 + -12 - (2 - 4)) + 4?
4
Calculate 2 + (-1 - -4) - (-38 + 41).
2
-2 + (0 - 1 - -7)
4
-1 - (-9 + 20 - (8 - 3))
-7
-2 + 1 + -2 + 0
-3
5 - (1 - 1) - 4
1
Evaluate -4 + 0 + 2 - -1 - 2.
-3
Evaluate 0 + 3 + (7 + -6 - 10).
-6
(3 - 2) + -1 - (3 - 1)
-2
What is -3 + -1 + (-6 - -11)?
1
Calculate 7 + -8 + 6 + -2 - 3.
0
Evaluate -3 - (-1 - -2 - 1).
-3
-8 + 8 + (1 - 2) + 0
-1
Evaluate -3 + (-2 - -5) - (0 - -1).
-1
3 + -2 + (12 - 7) + -1
5
-9 + (5 - (9 + -10))
-3
What is -13 + 8 + 7 + 8?
10
Calculate 2 + -2 + -3 + 7 + -1.
3
(0 + -9 - 0) + 8
-1
What is 8 - (1 + (-5 - -8))?
4
What is the value of 4 + -4 + -2 + 1 + 0?
-1
Evaluate (-1 - -3 - 0) + -4 - 2.
-4
What is (-3 - (-3 + -2 + 3)) + 4?
3
24 + -20 + 6 + -19
-9
(8 - 4) + -4 - 2
-2
What is the value of -1 - (0 - -3 - (8 - 8))?
-4
Calculate 6 - (0 - -3) - (-8 + 4).
7
What is the value of -1 - (-1 + 5 + -1)?
-4
Evaluate -15 - ((5 - 12) + 2) - -5.
-5
What is -25 + 31 + (-2 - 3)?
1
Calculate -5 + 3 - (-5 + (-3 - -1)).
5
Evaluate -3 + 4 - (-1 + 2 + 0).
0
Calculate -2 + -2 + 1 + (2 - -5).
4
0 + -5 + -2 + 5
-2
What is the value of -12 + 0 - (26 + -32)?
-6
Calculate -4 + (-2 - 1) + (0 - -4).
-3
What is the value of 2 + (0 - -3) + (-2 - 0)?
3
Evaluate -1 - (-7 + 4 + 0).
2
What is the value of (4 + 3 - 8) + 2?
1
What is 1 - -2 - (-24 + 20)?
7
Evaluate 18 - 7 - 4 - 11.
-4
Evaluate -4 - -2 - -4 - 1.
1
What is the value of 8 + (1 + 2 - (-29 + 35))?
5
(5 + -1 - 8) + 5
1
What is -3 + 0 - 0 - 0?
-3
(2 - (-4 - -4)) + -2
0
Calculate 0 + (1 - (8 - 2)).
-5
Calculate (-6 - 1 - -6 - -12) + -3.
8
8 + 6 + -12 + -5 + 1
-2
Calculate 3 + 0 + -2 + 2.
3
Evaluate -2 + -14 + 8 + (1 - -2).
-5
Evaluate -4 + 15 + -7 - 9.
-5
Evaluate -9 + -4 + -1 + 8.
-6
-6 + (1 - -5) + -4 - 4
-8
Calculate (-1 - (-3 + 1 - 1)) + 0.
2
3 + (3 - 4) + 5 + -1
6
Evaluate 1 - 7 - (12 + -10 - 5).
-3
Calculate 6 - (12 + -4 - 3).
1
1 + (-7 - -1) + 49 + -37
7
Calculate (0 + -3 - -1) + 4 - 3.
-1
What is 9 - (1 - (-10 + -3))?
-5
What is 4 + (-3 + -1 - (-7 - -9))?
-2
-5 + -3 + 6 - (1 + -3)
0
Calculate (-10 - -13) + 4 - (17 + -1).
-9
(6 - 6) + -2 - (-1 + -1)
0
-13 + 11 - (-3 - (2 - 3))
0
What is -9 - -13 - 3 - -5?
6
1 + -1 + -31 + 31
0
Evaluate (-3 - (-3 - -1)) + (-4 - -1).
-4
-1 + 5 - (-4 + 2 + 9)
-3
What is the value of 1 + -3 + 5 - (4 + 2)?
-3
-6 + -6 + 7 - 0
-5
What is the value of -2 - ((12 - 3) + -7)?
-4
What is the value of (5 - (5 + -2)) + (-14 - -2)?
-10
What is 0 - (-6 + 1 + 3 + -1)?
3
What is the value of 9 + -3 + 1 + -10?
-3
3 - 5 - -2 - 5
-5
Evaluate 3 + 7 + -1 + -7.
2
What is the value of 1 + -3 - (4 + -4)?
-2
Calculate (2 - 7) + 2 + -2 - 0.
-5
10 + (10 - 20) - -2
2
Evaluate (-7 - -9 - 3) + -1.
-2
Evaluate 1 + (-3 - 0) - (-1 - 3).
2
Calculate (5 - 7 - -7) + 0 + 0.
5
What is 32 + -20 - (8 - 1)?
5
What is -1 + (-2 + (-5 - -11) - -1)?
4
What is the value of -3 + 0 + 1 + -1 + 5?
2
-1 - (4 + -6) - (-3 + 8)
-4
Calculate -1 - (3 + -1 - 10).
7
0 - 1 - (96 - 103)
6
What is 3 - -1 - (-2 + 1)?
5
Calculate 3 + 4 + -7 + -4.
-4
Evaluate -47 + 65 + (-1 - 10).
7
-2 + (-5 - (-4 - -2)) - -3
-2
(3 + -4 - -2) + (-10 - -11)
2
What is 1 + (2 - 2) + (54 - 57)?
-2
Evaluate (2 - 0) + -4 + -1 + 1.
-2
What is the value of -3 + 12 + -3 - -1?
7
What is (-4 - -2) + (-3 + 3 - 1)?
-3
Evaluate -3 - (-5 + -5 + 1 + 6).
0
8 - ((1 - (2 - 5)) + 2)
2
Evaluate (9 - 3 - 5) + -2.
-1
Evaluate -4 + (2 - (2 - (0 - -3))).
-1
Calculate 8 + (2 - 5) + -12.
-7
What is the value of -4 - (-5 + (-4 - -3 - 2))?
4
Calculate -2 - (-7 - -4) - 2.
-1
Evaluate -17 - -11 - (2 - 9).
1
What is -2 + 6 + 2 + -7?
-1
Calculate (5 - -22) + -13 - 8.
6
11 + 0 - -9 - 11
9
Evaluate 4 - (3 - (-1 + 4)).
4
What is -3 + -3 + 0 + 1?
-5
What is 0 + (-4 - (-4 - -3))?
-3
What is (-8 + -2 - -4) + (0 - -2)?
-4
Calculate (-106 - -101) + 13 + -1.
7
Calculate (11 - -2) + -88 + 84.
9
Evaluate 0 + -1 - (4 - (2 + 3)).
0
What is -6 + (3 - (0 + 1))?
-4
Evaluate (-8 - -1) + 10 - 9.
-6
Calculate 1 - 0 - (-5 + 0).
6
Evaluate 5 + (-7 + -2 - 3) + 11.
4
What is (0 - -1) + -4 + -6?
-9
Evaluate (5 - 1) + -1 + -3 + 4.
4
Evaluate 1 + -3 + 4 - -2.
4
What is -2 + (-3 - 2 - -5) + 0?
-2
What is the value of -7 + (-3 - 3 - -13)?
0
Calculate -4 - (-8 + -1 - -6).
-1
What is 14 + -6 + -4 - 4?
0
Evaluate -1 + 3 - (5 - 4 - -1).
0
Calculate 2 + (-4 - 0) + (-11 - -8).
-5
(3 - -3 - -3) + -4
5
Evaluate 4 + -6 - (2 + 0).
-4
What is the value of -10 - (9 + -7 - (2 + 3))?
-7
Calculate (-6 - (2 + -6)) + -1.
-3
Calculate (1 - 3) + -9 + 6 + 10.
5
What is 5 + -12 - -7 - 3?
-3
Evaluate (15 - 18) + 7 + -4 + 5.
5
What is the value of -7 + 4 + 0 + 0?
-3
Evaluate -1 + (4 - (4 - 3)).
2
What is the value of (11 - 6 - 7) + -1 + 7?
4
Calculate (15 - 6) + -5 - (-1 - -5).
0
-3 - (22 + -9 + -15)
-1
What is the value of -7 - (1 - (0 - (-5 - -2)))?
-5
-6 + 1 + 0 + 149 + -138
6
Calculate 8 + -5 + -3 + 1.
1
What is -13 + 6 + 7 - (1 + -4)?
3
What is (0 - 0) + (16 - 8)?
8
Evaluate (3 - 0) + -132 + 132.
3
Calculate 5 + -2 - 3 - (7 + -4).
-3
0 + 3 - (3 - 2) - -3
5
What is the value of 0 - 0 - (-41 - -34)?
7
Evaluate 9 + (0 - (1 - 0)) + -3.
5
What is 4 + -6 + -3 + 3 + 0?
-2
What is the value of 5 + (-21 - (-6 - 4))?
-6
Calculate 2 - ((-5 - (-13 + 5)) + -5).
4
Calculate (8 - 1) + 5 + -8.
4
Calculate (-1 - -1) + 8 - (5 - 4).
7
What is the value of -1 + -2 - -3 - (11 + -4)?
-7
-82 + 93 - (8 - 1)
4
-22 + 11 + -13 + 15
-9
Evaluate 61 + -51 - (9 - -1).
0
Calculate (-4 - -2) + 9 + -2.
5
What is (-5 - -11 - 4) + -4 + 1?
-1
What is (0 - (4 + 0) - -2) + 3?
1
What is the value of -7 + 3 - (3 + 0 - 2)?
-5
10 + -2 - (-37 - -45)
0
What is the value of 0 - ((-4 - (-3 - -1)) + 3)?
-1
What is the value of 3 + (2 + -7 - -2)?
0
Calculate 1 + 3 + -8 + (5 - 1).
0
What is (0 + -2 - -5) + -19 + 10?
-6
1 - (2 + 5 + -12 + 7)
-1
Calculate -3 + 10 + 2 + (-8 - -1).
2
Evaluate 4 - (5 + 5 + -4) - 4.
-6
Calculate (-2 - (3 + -1)) + (11 - 3).
4
Evaluate -1 - (1 + 0) - (-129 + 127).
0
What is (-2 - 6) + 6 + 2?
0
Evaluate (5 - (-10 - -8)) + -10.
-3
What is the value of 0 + (-3 - (-5 - -5))?
-3
What is -4 + 14 - 13 - -12?
9
Calculate 6 - (5 + -9 + 6).
4
What is the value of 5 + (-7 - -6) - 8 - 2?
-6
What is the value of -3 - (-6 + (-1 - -5) - 1)?
0
What is (-1 - 6) + (-76 - -78)?
-5
8 - (-7 - (-4 + (-2 - 14)))
-5
Calculate 1 + 0 + (16 - 13) - 1